-13 + (12 + 21 - 12).
8
-42 + 68 - (24 + -10)
12
What is the value of (2 - -12) + -3 + (-23 - 45) + 28?
-29
Calculate -9 - 12 - -10 - (0 - (10 - 4)).
-5
Evaluate (9 - 4) + -6 + -3 + (3 - -1).
0
What is the value of 0 + (2 + -1 - (11 - 18)) + -22?
-14
Evaluate 1 - (6 - (-10 + 13) - 13).
11
What is the value of (-37 - -55) + 2 - 30?
-10
Calculate (-335 - -311) + 52 + 0 - (2 - 1).
27
Evaluate 1 + (21 - 9 - 17) - 10.
-14
Evaluate 4 + 1 - (8 + -1 - (277 - 269)).
6
(30 + 21 - 48) + 2 + 0
5
-8 + 8 - (-1 + 9)
-8
27 - 44 - (-3 + 6 - 3)
-17
What is the value of 2 + 0 + 2 + (42 - (29 - -5))?
12
Evaluate 2 + -2 + (-6 + -3 - -4).
-5
9 + -12 - ((11 - 8) + -11 + 8)
-3
What is the value of 36 - (66 - 18) - 17?
-29
-17 - ((3 - 3) + -4) - (-6 + 6)
-13
Evaluate -17 + (9 - -9) - -7.
8
What is -30 - (-32 + (-3 - 11))?
16
-8 - (-30 - -9) - (-3 - -14)
2
What is the value of 4 - 17 - ((-6 + 8 - -6) + -11)?
-10
Calculate 11 + -5 - (-11 + 1) - (4 - -1).
11
-17 + 2 - (-8 - 19)
12
Calculate (1 - 7 - (-9 - (-7 + 3))) + -7.
-8
What is (-29 - -7) + (0 - -3) - (-4 - -5)?
-20
What is the value of 5 + 13 + (5 - (-2 + 8) - -6)?
23
Calculate -62 + (-22 - (-13 + -37)).
-34
-20 + (-11 - 25 - -24)
-32
What is the value of -7 + -2 - (-6 + 9)?
-12
What is the value of (2 - -6) + (43 - 56)?
-5
Calculate (2 + 4 - (21 - (-21 + 45))) + -26.
-17
What is the value of 20 + (4 - (35 + -15))?
4
-8 + 1 + (28 - (69 - 25))
-23
Calculate -24 + -1 + 14 + 4.
-7
What is 4 + (93 + -108 - (-32 - -2))?
19
12 + 5 - (-3 - (3 - -3 - 9))
17
What is 1 + (9 - 5) + (-2 - (5 + -15))?
13
What is the value of 27 - ((-27 - -47) + -9)?
16
What is the value of 14 - (-14 + 21 + -14) - 13?
8
-14 + (-8 - (2 - 65)) + -9
32
(-2 - (8 - 4)) + (9 - 5) - -16
14
Evaluate -1 + 10 - (-12 + 12 + 7).
2
Calculate -5 - (-6 - (0 + -1 + -1)).
-1
Evaluate -16 + -7 - (43 - 62).
-4
Evaluate (28 - -4 - -2) + 106 + -118.
22
Calculate 31 - (6 - 10 - (-3 + 4 + -1)).
35
(7 + 30 - 9) + -11 - 41
-24
-9 + (-22 + 28 - -4)
1
What is 9 + -18 + -14 + 15?
-8
What is the value of -3 - (42 + -16 + -54)?
25
What is 6 + -2 + -29 + -7 - (-1 - 6)?
-25
5 + -11 + (8 - 0)
2
-42 + 28 - (-1 + -1 + -3)
-9
Calculate 9 - (4 + -1 + (-11 - 0) + 38).
-21
Evaluate 6 + -8 - -12 - (7 + 2).
1
What is the value of 1 - (5 - 11 - -5) - -10?
12
What is the value of (60 + -24 - 20) + -23?
-7
Evaluate 6 + -10 + (1 - 0) + (-10 - -14).
1
What is -1422 - -1413 - (-36 - 0)?
27
Evaluate 13 + -19 + (26 - 18).
2
What is (1 + -2 - (0 - 2)) + (-25 - -24)?
0
0 - (1 + -12) - (-1414 + 1415)
10
Evaluate -11 + 18 + (5 + -3 - -2) + -10.
1
(19 - -1) + -17 + 3 + 1
7
Evaluate -27 - -62 - 5 - 64.
-34
What is the value of -7 + -1 + -1 + 4 - (-1 + 3)?
-7
Calculate (-39 - 0) + (-32 + 61 - 20).
-30
2 - 0 - (9 - (3 - 0)) - -14
10
Evaluate 0 + -9 + 4 + -3 + (3 - -1).
-4
What is 3 + (3 - -1) + (-4 - (-28 + 21))?
10
11 + -2 + -94 + 84
-1
Calculate (286 - 283) + (2 - -16).
21
Calculate 4 - (1 + -5) - (9 + 18).
-19
Calculate 4 - (-4 - (4 - 0)) - -16.
28
Calculate (-4 - (-24 - -4)) + (-296 - -289).
9
Evaluate -327 + 329 - (5 + (-3 - (-6 - -1))).
-5
Evaluate (17 - (-16 + 33)) + (8 - 14).
-6
What is the value of 222 - 228 - (-1 - 2)?
-3
-10 + 5 - ((22 - 9) + -7)
-11
-7 + 2 + 9 + -79 + 64
-11
What is the value of -12 - (-37 - (-45 + 41))?
21
Evaluate -4 - 1 - (6 + (-2 - 11)).
2
Evaluate -2 - (-4 + -1) - (13 + (-21 - -7)).
4
Calculate (9 - -5) + (6 - 7).
13
Evaluate (6 - -3) + 5 - (-8 - 1).
23
What is 0 + 16 + -6 + -22 - -1?
-11
What is the value of -14 - (0 + 1) - (39 + -6 + -34)?
-14
What is 1 - (-14 + 11) - 20 - 5?
-21
Evaluate 38 - (12 - (-16 - -3)).
13
Evaluate -9 + (0 - 2) + -2 + 3.
-10
Calculate (-6 - 16 - -12) + 18.
8
What is the value of 0 - -16 - (-33 + (131 - 72))?
-10
15 + 2 + (10 - (2 - -2)) + -12
11
Evaluate 21 + (-21 - (18 + -21)).
3
Evaluate 18 + 18 + -27 - (-2 + 10 - 1).
2
2 + (4 - 7) + 1 + -1 + 21
20
50 + -27 - (-1 + 12)
12
Calculate -20 + 23 - ((-1 - -6) + (0 - 5)).
3
What is -10 + -4 + (-5 - -9) - (-51 + 42)?
-1
(41 - 19) + -22 + 6
6
Calculate (6 + (4 - 6) - 8) + 8 + -5.
-1
What is the value of (-1 - -3 - 7) + (0 - -1)?
-4
What is the value of (3 - 6) + (30 - 24)?
3
What is -19 + 6 + (-15 - -39)?
11
Calculate -2 + 1 + (7 - 3) + (1 - 0).
4
What is the value of (4 - ((-1 - (-9 + 10)) + 35)) + 7?
-22
What is the value of -8 - (4 - 5 - -1 - 5)?
-3
-8 - (10 + -37 + 29)
-10
Calculate -31 - (49 + -72) - (1 + -1 + 5).
-13
What is (-7 - -4) + -9 - -16?
4
Evaluate -14 + (2 - 8) + 8 - 5 - -2.
-15
Calculate 4 + (2 - 10) - 5.
-9
-12 + -13 + (8 - -7)
-10
What is 344 + -314 + (-19 - -2)?
13
What is (-20 - -32) + -1 + -17?
-6
Calculate -15 - 15 - -13 - -32.
15
Evaluate (36 - (-4 - -18)) + -8.
14
What is the value of -3 + -9 - (-61 - -45)?
4
What is 1 - 24 - (-4 + 42 + -38)?
-23
What is the value of 2 + -27 - (-8 + -31)?
14
What is the value of (-5 - 0) + 11 - 22 - -33?
17
What is the value of (-1 - -2) + (-79 + 91 - (31 - 1))?
-17
Calculate 0 + (-9 - -9) + 1.
1
(-2 + -13 - -2) + -27 + 22
-18
Evaluate (14 + -16 - -8) + -5.
1
Calculate (1 - (7 - 1)) + 10 + -12 + -9.
-16
What is -10 - (-6 - (-4 + 1 + -6))?
-13
(-8 - (9 - (-3 + 64))) + -13
31
-3 - -12 - (-3 + 2) - (-51 - -51)
10
What is the value of (2 + 7 - 9) + 2 - (-5 - -1)?
6
What is 0 - (12 - (18 + -11) - 9)?
4
-5 + 2 + 8 + (-14 - -20)
11
Calculate 7 + 10 - (-3 + 10) - -11.
21
What is the value of -7 + 1 + (-46 - -52) - (3 + -1)?
-2
What is 3 + -7 + 8 + (-18 - -25)?
11
What is the value of -12 + -14 + (-18 + 8 - -22)?
-14
1 + 5 - (-11 + 26 - 10)
1
What is 1 + 9 + 17 - 29?
-2
4 - 23 - (-3 - (7 + -7))
-16
24 - 24 - (-3 + 1)
2
-2 + -3 + (-2 - -27 - 14)
6
Evaluate 24 + -35 + (13 - 5).
-3
Calculate -18 - (-6 + 17 + -23).
-6
Calculate 2 - -25 - (191 - 171).
7
What is 3 + -1 + -50 + 52 - 4?
0
What is the value of 2 - 7 - (-10 - (-5 - 4))?
-4
Evaluate 4 - (17 + 7 - (12 + -10 + 0)).
-18
Evaluate 57 - 31 - (20 + -13).
19
20 + 2 - ((7 + -4 - 0) + -2)
21
-4 + (10 - 12) - -16
10
What is -1 + (-1 - (1 + -2 + (-36 - -32)))?
3
-18 + (10 - 1) + 6 - (4 + 1)
-8
Evaluate (0 - (-1 - (2 + 0))) + 5 + 2.
10
Evaluate (6 - 8) + -4 + 23.
17
Calculate (-15 - -1) + -4 - -6.
-12
0 + -9 + (0 - (0 + -9))
0
Evaluate (3 + (0 - 2) - (69 + -53)) + -2.
-17
What is 3 + (-5 + (-2 - -3) - 0)?
-1
Evaluate 1 + 7 - (-36 + (-11 - -28)) - 8.
19
Evaluate -16 + -1 - (12 + (2 + -2 - 9)).
-20
What is 27 + -11 + -3 + (10 - 6) + 4?
21
What is -239 + 277 + 3 + -24?
17
Evaluate 24 + -27 - (10 - 0).
-13
Calculate (-16 - -7 - -7 - (-8 - -2)) + -6.
-2
Calculate 6 - 1 - (47 - 45).
3
What is the value of (-10 - 6 - -8) + 28 - 8?
12
What is the value of 9 - (-15 + 7) - 25?
-8
Calculate -1 - (8 - (3 - 6) - (-29 - -34)).
-7
What is the value of 12 + (-23 + 7 - 7)?
-11
What is the value of (16 - (33 - 5)) + 0?
-12
What is the value of -15 + (43 - 46) + -17?
-35
What is 18 + -15 - (-9 - (1 + -1))?
12
Calculate 4 + 17 - 19 - (-1 + 0).
3
What is the value of (-1 - 8) + (10 - -4)?
5
-11 + 25 + (-10 - 0)
4
Evaluate 219 + -211 + 5 + -29.
-16
-6 + -1 - (-1 + -5 - -10 - 9)
-2
What is 11 + 25 + -14 + (-20 - 2)?
0
What is the value of -12 - (-19 - (-22 - -2))?
-13
What is -55 - (29 + -39) - -23?
-22
Evaluate -4 - (17 + 0 - -4 - 5).
-20
What is the value of (7 - 26) + (-1 - -32)?
12
What is 6 - (-18 + 25 - -7)?
-8
What is 16 + -8 + (-10 - -4) - -5?
7
Calculate 62 - 77 - (-23 + -3).
11
(-6 - (-1 - -9)) + -23 + 39
2
-42 + (36 - -3) - (-6 + 0)
3
What is 31 + -19 + 10 - 17?
5
Calculate (-31 - -18) + 12 - (2 + -2).
-1
(2 - -5) + 3 - (0 - -3)
7
What is 30 + -38 - (-12 - (-4 + 7))?
7
-123 - -107 - (-1 + -17)
2
Calculate 1 - -1 - (4 - (16 + -4)).
10
What is the value of (3 - 3) + 0 - (-34 + 35)?
-1
What is the value of -13 - (19 - (5 + 7))?
-20
Calculate 2 + 42 + 1 + -5 - (88 + -81).
33
What is the value of 0 + -11 + (-62 - -62) + -2 + 6?
-7
(-9 - -14) + 24 + -5 + (2 - 11)
15
What is 4 - (-11 + 3 + (9 - -2))?
1
Calculate (19 - 15 - (-3 + 0 + 1)) + -17.
-11
-26 + 10 + 27 + -19
-8
What is -15 - (1 - (9 + 0)) - 7?
-14
Calculate -7 - (-46 + (20 - 14 - (-2 - 0))).
31
Evaluate 10 - 22 - ((12 - -1) + -15).
-10
Calculate (-21 - -25 - 34) + 29.
-1
What is the value of -3 - (-1 + 11 + -10 + -2)?
-1
0 + 6 + 3 + (4 - 26 - -9)
-4
14 + 3 + (-79 - -53)
-9
15 + 2 + -1 + (4564 - 4554)
26
What is the value of 3711 - 3721 - (1 + -1)?
-10
Calculat